{"id":2214,"date":"2023-07-17T14:15:02","date_gmt":"2023-07-17T12:15:02","guid":{"rendered":"https:\/\/anasgifts.ch\/?post_type=product&#038;p=2214"},"modified":"2025-12-08T19:42:05","modified_gmt":"2025-12-08T18:42:05","slug":"bracelet-oeil-de-tigre-2","status":"publish","type":"product","link":"https:\/\/anasgifts.ch\/index.php\/product\/bracelet-oeil-de-tigre-2\/","title":{"rendered":"Bracelet \u0152il de Tigre"},"content":{"rendered":"<p>\u0152il de Tigre cette pierre agit comme un bouclier et renvoi les ondes n\u00e9gatives \u00e0 son \u00e9metteur, prot\u00e8ge du mauvais \u0153il \ud83e\uddff, agit sur les probl\u00e8mes de genoux , en cas d asthme, fatigue mentale, probl\u00e8mes gastriques et tension art\u00e9rielle.<\/p>\n<div data-test='contact-form' id='contact-form-2214' class='wp-block-jetpack-contact-form-container '>\n<form action='https:\/\/anasgifts.ch\/index.php\/product\/bracelet-oeil-de-tigre-2\/#contact-form-2214' method='post' class='contact-form commentsblock'>\n<script>\n\t\t\t( function () {\n\t\t\t\tconst contact_forms = document.getElementsByClassName('contact-form');\n\n\t\t\t\tfor ( const form of contact_forms ) {\n\t\t\t\t\tform.onsubmit = function() {\n\t\t\t\t\t\tconst buttons = form.getElementsByTagName('button');\n\n\t\t\t\t\t\tfor( const button of buttons ) {\n\t\t\t\t\t\t\tbutton.setAttribute('disabled', true);\n\t\t\t\t\t\t}\n\t\t\t\t\t}\n\t\t\t\t}\n\t\t\t} )();\n\t\t<\/script>\n<div style=\"\" class='grunion-field-name-wrap grunion-field-wrap'  >\n<label\n\t\t\t\tfor='g2214-nom'\n\t\t\t\tclass='grunion-field-label name'>Nom<span>(obligatoire)<\/span><\/label>\n<input\n\t\t\t\t\ttype='text'\n\t\t\t\t\tname='g2214-nom'\n\t\t\t\t\tid='g2214-nom'\n\t\t\t\t\tvalue=''\n\t\t\t\t\tclass='name  grunion-field' \n\t\t\t\t\trequired aria-required='true' \/>\n\t<\/div>\n\n<div style=\"\" class='grunion-field-email-wrap grunion-field-wrap'  >\n<label\n\t\t\t\tfor='g2214-email'\n\t\t\t\tclass='grunion-field-label email'>E-mail<span>(obligatoire)<\/span><\/label>\n<input\n\t\t\t\t\ttype='email'\n\t\t\t\t\tname='g2214-email'\n\t\t\t\t\tid='g2214-email'\n\t\t\t\t\tvalue=''\n\t\t\t\t\tclass='email  grunion-field' \n\t\t\t\t\trequired aria-required='true' \/>\n\t<\/div>\n\n<div style=\"\" class='grunion-field-url-wrap grunion-field-wrap'  >\n<label\n\t\t\t\tfor='g2214-siteweb'\n\t\t\t\tclass='grunion-field-label url'>Site web<\/label>\n<input\n\t\t\t\t\ttype='text'\n\t\t\t\t\tname='g2214-siteweb'\n\t\t\t\t\tid='g2214-siteweb'\n\t\t\t\t\tvalue=''\n\t\t\t\t\tclass='url  grunion-field' \n\t\t\t\t\ttitle=\"Veuillez saisir une URL valide - https:\/\/www.exemple.fr\" oninvalid=\"setCustomValidity(&quot;Veuillez saisir une URL valide - https:\/\/www.exemple.fr&quot;)\" oninput=\"setCustomValidity(&quot;&quot;)\" pattern=\"(([:\\\/a-zA-Z0-9_\\-]+)?(\\.[a-zA-Z0-9_\\-\\\/]+)+)\" data-type-override=\"url\"  \/>\n\t<\/div>\n\n<div style=\"\" class='grunion-field-textarea-wrap grunion-field-wrap'  >\n<label\n\t\t\t\tfor='contact-form-comment-g2214-message'\n\t\t\t\tclass='grunion-field-label textarea'>Message<\/label>\n<textarea\n\t\t                style=''\n\t\t                name='g2214-message'\n\t\t                id='contact-form-comment-g2214-message'\n\t\t                rows='20' class='textarea  grunion-field'  ><\/textarea>\n\t<\/div>\n\t<p class='contact-submit'>\n\t\t<button type='submit' class='pushbutton-wide'>Envoyer<\/button>\t\t<input type='hidden' name='contact-form-id' value='2214' \/>\n\t\t<input type='hidden' name='action' value='grunion-contact-form' \/>\n\t\t<input type='hidden' name='contact-form-hash' value='f9c9d0b0efa4eaea386dfb827cefcfa3419ac520' \/>\n\t<\/p>\n<\/form>\n<\/div>\n","protected":false},"excerpt":{"rendered":"<p>\u0152il de Tigre cette pierre agit comme un bouclier et renvoi les ondes n\u00e9gatives \u00e0 son \u00e9metteur, prot\u00e8ge du mauvais \u0153il \ud83e\uddff, agit sur les probl\u00e8mes de genoux , en cas d asthme, fatigue mentale, probl\u00e8mes gastriques et tension art\u00e9rielle.<\/p>\n","protected":false},"featured_media":2263,"comment_status":"open","ping_status":"closed","template":"","meta":[],"product_cat":[34],"product_tag":[],"class_list":["post-2214","product","type-product","status-publish","has-post-thumbnail","hentry","product_cat-bracelet-homme"],"_links":{"self":[{"href":"https:\/\/anasgifts.ch\/index.php\/wp-json\/wp\/v2\/product\/2214","targetHints":{"allow":["GET"]}}],"collection":[{"href":"https:\/\/anasgifts.ch\/index.php\/wp-json\/wp\/v2\/product"}],"about":[{"href":"https:\/\/anasgifts.ch\/index.php\/wp-json\/wp\/v2\/types\/product"}],"replies":[{"embeddable":true,"href":"https:\/\/anasgifts.ch\/index.php\/wp-json\/wp\/v2\/comments?post=2214"}],"wp:featuredmedia":[{"embeddable":true,"href":"https:\/\/anasgifts.ch\/index.php\/wp-json\/wp\/v2\/media\/2263"}],"wp:attachment":[{"href":"https:\/\/anasgifts.ch\/index.php\/wp-json\/wp\/v2\/media?parent=2214"}],"wp:term":[{"taxonomy":"product_cat","embeddable":true,"href":"https:\/\/anasgifts.ch\/index.php\/wp-json\/wp\/v2\/product_cat?post=2214"},{"taxonomy":"product_tag","embeddable":true,"href":"https:\/\/anasgifts.ch\/index.php\/wp-json\/wp\/v2\/product_tag?post=2214"}],"curies":[{"name":"wp","href":"https:\/\/api.w.org\/{rel}","templated":true}]}}